 divisor of 15 and n.
5
Let o be 27511/1353*144/((-86)/(-40) - 2). Calculate the highest common factor of o and 10.
10
Suppose -x + 375 = -4*h, 2*x - 2*h - 44 - 670 = 0. What is the greatest common factor of x and 156?
39
Let n be (523 - 7)/(-12)*-121. What is the highest common divisor of n and 43?
43
Let l be (-66)/10 - 6/15. Let m be 45/60 + 146/8. Let a = l + m. What is the highest common factor of a and 12?
12
Let c = 3823 + -3763. What is the highest common divisor of 222 and c?
6
Let a be (676/5)/(54/135). Let s = a - 324. Suppose 5*m = 7 + 28. What is the greatest common divisor of s and m?
7
Let o = 302 + -300. Suppose 0 = 5*y - g - 419, o*g = 4*y - 288 - 46. What is the greatest common factor of 84 and y?
84
Suppose -l + 11926 = o, 25*l - 30*l - 2*o + 59627 = 0. Calculate the highest common factor of 225 and l.
225
Let j(v) = -171*v + 64. Let l be 100/(-14) + 100/14 + -7. Let o be j(l). What is the highest common factor of o and 13?
13
Let h(w) = 7*w**2 + 7*w + 10. Suppose 0 = -174*z + 167*z - 21. Let t be h(z). What is the greatest common divisor of 78 and t?
26
Let f = 100 - 74. Let n be (-88)/(-55) - 2/(-5). Suppose n*l - 22 = 4*o + f, -4*l - 3*o + 63 = 0. What is the highest common divisor of l and 36?
18
Let p(q) = -q**2 - 5*q + 20. Let b be p(-7). Suppose 283 = b*s + 31. Let a be (1/3)/(2/84). What is the greatest common factor of a and s?
14
Suppose -166 - 3849 = -11*l. Suppose 52*s = 207 + l. What is the greatest common factor of s and 143?
11
Suppose -1430*n - 1134 = -1433*n. Let j be 252/n + (0 - 211/(-3)). Calculate the greatest common divisor of 2 and j.
1
Suppose 4*m - 1256 = -3*r + 903, 0 = 3*m - 2*r - 1598. Suppose 3*s - 4*t - m = -s, -400 = -3*s + 4*t. Calculate the greatest common factor of 17 and s.
17
Let n be 1/(-2)*-2 + -68. Let c(f) = -650*f - 2528. Let d be c(-4). Let p = n + d. Calculate the greatest common factor of 55 and p.
5
Let a(x) = -8*x - 49. Let v be a(-6). Let k(m) = 17*m**2 - 10*m - 11. Let q be k(v). Let l = 177 - 33. What is the highest common divisor of q and l?
16
Suppose 5*c = c + 12. Let o(s) = s**3 + s**2 - 9*s + 9. Let i be o(c). What is the greatest common factor of 9 and i?
9
Suppose -3*u + 131 = 2*g, -2*u = 155 - 169. Calculate the greatest common factor of 4840 and g.
55
Let u(n) = 43 + 16 + 13 + 7*n - 5*n - 4*n. Let g be u(-4). Calculate the greatest common factor of g and 88.
8
Suppose -117*g = -128*g + 13992. What is the greatest common divisor of 795 and g?
159
Let k = 305 - 257. Suppose -4*u - 68 = -5*c, -2*u + 22 = -0*c + c. Calculate the highest common divisor of c and k.
16
Let y(a) = 30*a + 565. Let w be y(-17). Calculate the highest common divisor of 88 and w.
11
Let m = -146 - -196. Let l be (-4)/4 + -3 - -3. Let z be (10/(-6))/(l/6). Calculate the highest common divisor of m and z.
10
Let u(f) = 21*f**2 - 60*f + 102. Let i be u(-14). What is the highest common factor of 72 and i?
18
Suppose 4*q - 3*g = 291, 3*q + 4*g - 218 = 6*g. Calculate the highest common divisor of 248 and q.
8
Let u(h) be the first derivative of 31*h**2/2 - 56. Let w be u(8). What is the highest common divisor of w and 31?
31
Let a be 4377*3/15 + 260/(-650). What is the greatest common divisor of a and 225?
25
Suppose q - 77 = -3*z + 193, -5*q + 1445 = -4*z. Suppose 6 = -6*d + 96. What is the greatest common divisor of d and q?
15
Let a(b) = -b**2 + 57*b + 583. Let g be a(63). What is the highest common factor of g and 85?
5
Let l be (304/40 - 8) + (-208)/5. Let i be 3/((-9)/(-6))*l/(-12). What is the highest common factor of i and 2?
1
Let v be (7/(-1) + (-17)/2)*-4. Calculate the greatest common divisor of v and 2.
2
Let s be (-904)/14 + 2 + 12/21. Let p be 93/s + (-30)/(-4). Suppose -7*w = -12*w + 30. What is the greatest common divisor of w and p?
6
Let o be (-8 + 5)*14/(-6). Let c be 7 - (-51 + -5)/o. What is the highest common factor of 375 and c?
15
Let o(p) = -724*p + 4389. Let r be o(6). Calculate the greatest common factor of 4260 and r.
15
Suppose 4*r - 35 = -2*x + r, 0 = x + 2*r - 17. Let b(w) = -17*w - w**2 - w**3 + 22*w + 0*w + 57. Let n be b(0). Calculate the greatest common factor of n and x.
19
Suppose -8*b = -5*b, 0 = r + b - 13. Suppose 0 = r*s - 3779 + 1049. What is the greatest common divisor of 30 and s?
30
Let q(d) = -2*d**2 - 22*d - 12. Let j be q(-9). Suppose i + 3*i - j = 0. Let c(u) = 6*u - 24. Let k be c(i). Calculate the highest common factor of k and 48.
12
Suppose -2*x + 135 - 27 = 0. Let d = x - 30. Suppose 413*g - 416*g = -36. What is the greatest common divisor of d and g?
12
Let f(j) = -j**2 - 19*j - 4. Let x(t) = 2*t**2 + 8*t + 9. Let n be x(-8). Let y = -85 + n. Let d be f(y). Calculate the highest common divisor of d and 32.
16
Let l be (-1)/(-2) + 6 + 122/(-4). Let i be 198/l + 8 + (-541)/(-4). What is the highest common factor of 27 and i?
27
Let v(l) = l**2 + 39*l + 191. Let h be v(-54). Calculate the highest common factor of h and 462.
77
Suppose -250 = -3*z - 4*h, 4*z + 223 - 547 = 4*h. Suppose -2*g - 120 = -2*y, 4*y - 174 = -4*g + z. What is the highest common divisor of 93 and y?
31
Let x = -19585 + 19643. Calculate the highest common factor of x and 16762.
58
Let y(n) = 3*n**3 - 1. Let w be y(1). Let z(d) = 48*d - 29. Let g be z(-1). Let c be (-326)/(-18) + g/693. Calculate the highest common divisor of w and c.
2
Let q be (3/(-1) - -1) + 9. Let w(p) = p**3 - 42 - q*p - 40 - 7*p**2 + 18*p + 72. Let g be w(6). Calculate the highest common divisor of g and 10.
10
Let d(q) = 2*q**2 + q + 2. Let z be d(-2). Let r = 259 - 728. Let m = -397 - r. Calculate the highest common divisor of m and z.
8
Let r be 14 + 1/(-3)*0. Suppose 1339758 = 962*n + 67*n. Calculate the greatest common divisor of r and n.
14
Suppose -3*h = -4*h - 3*g - 2, -3*h + 18 = g. Suppose -254 = -h*d + 173. What is the greatest common factor of 793 and d?
61
Let c = -1504 - -1513. What is the highest common divisor of c and 1017?
9
Suppose 0 = 7*s - 4*s + 3*j - 36, -5*j = 2*s - 36. Suppose -s*z + 317 = -83. What is the greatest common divisor of 125 and z?
25
Let j = -7 + 27. Let k be -1*9*(-3)/9. Suppose 254 = k*x + j. Calculate the highest common divisor of x and 26.
26
Let x = -11142 - -11162. Let y = 99 + -59. What is the greatest common factor of x and y?
20
Let v = -58 - -38. Let z = v + 34. Let a = 227 + -115. What is the highest common divisor of z and a?
14
Let q = 10 - 4. Let k(o) = -4*o + 34. Let p be k(5). Suppose p*g = 3*g + 726. What is the highest common factor of q and g?
6
Let h be 4/(-2) + -6 + 2. Let r(c) = -6*c - 26. Let x be r(h). Let k = 27 - x. Calculate the greatest common divisor of k and 17.
17
Suppose 3*i - 17*i - 44*i = -3364. What is the greatest common divisor of 9802 and i?
58
Let k be 1*(3 - -2) + (-41)/(328/(-22560)). What is the highest common factor of 75 and k?
25
Suppose -29 = -45*g + 196. Let r = -305 + 360. Calculate the highest common divisor of g and r.
5
Suppose -3*h = -4*r - 417, 3*h - 5*r = -0*h + 414. Suppose s + 9*s + 230 = 0. Let k = s + 36. Calculate the greatest common factor of h and k.
13
Let f be (2/(-5))/(-3 - 988/(-330)). What is the greatest common factor of f and 22?
22
Let k be -26 + (-35)/(-15)*-3. Let s be (k/66)/((-14)/12 - -1). What is the highest common factor of s and 96?
3
Let t be (2/9)/(4/18) - 6. Let i(x) = -17*x**2 - 89*x - 5. Let n be i(t). What is the greatest common factor of n and 125?
5
Let y(p) = 37*p**2 + 597*p - 4722. Let i be y(8). Calculate the greatest common factor of 84 and i.
14
Suppose 156*t = 146*t + 27600. What is the greatest common divisor of 960 and t?
120
Suppose -8 = -5*s + 2. Suppose -s*d + 29 = 3*w - 23, -d = 4. Suppose 5*f - 10 = -5*z, -2*f + z = 3*f - 22. Calculate the highest common factor of w and f.
4
Suppose 144 = 5*w - w + 4*g, 4*g = 32. Calculate the greatest common divisor of w and 7168.
28
Let n = -5723 + 6251. Calculate the greatest common factor of 1551 and n.
33
Let z = -20529 + 20576. Calculate the highest common divisor of z and 893.
47
Let z be -8 + 8/(96/972). What is the greatest common factor of 4015 and z?
73
Let x(i) = 5*i**2 + 24*i + 114. Let m(b) = b**2 + 6*b + 29. Let k(g) = 9*m(g) - 2*x(g). Let h be k(7). What is the highest common divisor of h and 78?
26
Let g be -1 + -6 + 341 